 Let m = 237 + q. What are the prime factors of m?
2, 3, 19
Let k(g) = 31*g**2 - 17*g + 49. Let y(f) = -94*f**2 + 49*f - 148. Let x(h) = -8*k(h) - 3*y(h). What are the prime factors of x(6)?
2, 5, 11
Let c(a) = -3*a - 2. Let j be c(-3). Let z(o) = o**3 + 32*o**2 + 165*o - 62. Let k be z(-25). Suppose -j*b = -517 + k. List the prime factors of b.
47
Suppose 1482*m + 248860 = 1492*m. What are the prime factors of m?
2, 23, 541
Let g = 242 - 222. Suppose 4*s + g = 0, 0*o - 3*s = 2*o - 1041. List the prime factors of o.
2, 3, 11
Let m(f) be the first derivative of -4*f**3/3 + 7*f**2/2 + 16*f - 3. Let t be m(-8). What are the prime factors of ((-6)/4)/(4/t)?
3, 37
Suppose 0 = -61*x - 16*x - 677113 + 1994814. List the prime factors of x.
109, 157
Suppose 299*s - 286*s + 364 = 0. Let k be -3*(2184/9)/(-4). What are the prime factors of s/k - 1237/(-13)?
5, 19
Suppose 3021 = -3*z - 3*n, -2*z - 4040 = 2*z + n. What are the prime factors of 6*3/6*z/(-9)?
337
Suppose -5*k + 2895 = 2*m, -1152 = -48*k + 46*k - 2*m. Let h = k + 344. List the prime factors of h.
5, 37
Let p be (132/36)/(2/6). Let j = -8 + p. Suppose -j*g - 2*g = -60. List the prime factors of g.
2, 3
Let o = -26 + 156. Suppose 4*r - o = -3*y + 1621, 4*y - 1322 = -3*r. List the prime factors of r.
2, 7, 31
Let m be 3 + 4/(-16) + (-562)/(-8). Let r = m + -64. Suppose 5*n = q + r*n - 8, -q - 5*n + 5 = 0. List the prime factors of q.
2, 5
Let u(h) = -3 + 11 - 7 + 314*h**3 + 81*h**3 - h**2. What are the prime factors of u(1)?
5, 79
Suppose 3*s = c - 42, -3*s = -2*c + 40 + 53. Suppose 12 = c*y - 47*y. Suppose y*f - 67 = 104. What are the prime factors of f?
3, 19
Let v = -1478 + 830. Let u = 1304 + v. List the prime factors of u.
2, 41
Let w(t) = 21 + 4*t - 6 + 1 + 17. Let p be w(-7). Suppose -3*u = -4*m - 220 - 232, -4*u + p*m = -601. List the prime factors of u.
2, 3
Suppose -2*c = -80 - 116. Let j = c - 114. List the prime factors of ((-178)/(-4))/((-8)/j).
89
Let r = -121 + 221. Let s = r + 204. What are the prime factors of s?
2, 19
Let z = -2461 + 5701. Suppose z = 33*r - 23*r. What are the prime factors of r?
2, 3
Suppose -4*d - 2*m = -11 - 1, 5*d = -3*m + 14. Suppose 0*p = w - d*p - 2, 3*w - 6 = 4*p. List the prime factors of w*(-3 - -10)*1.
2, 7
Suppose 4*z + 120501 - 22001 = 4*s, -3*z = -12. What are the prime factors of s?
11, 2239
Suppose 2*b + 38 = 21*b. Suppose 3*x = -2*w + 2090, -2*w = -3*w - b. What are the prime factors of x?
2, 349
What are the prime factors of -11*(-3)/(-33) - (3 + -29642)?
2, 7, 29, 73
Let c = -22424 + 43492. What are the prime factors of c?
2, 23, 229
Suppose 0 = 3*n + 4*h - 19802, -11*n - 4*h + 26396 = -7*n. What are the prime factors of n?
2, 3, 7, 157
Suppose -b + 24 = -r - 20, -88 = 2*r + 4*b. Let z = -39 - r. Suppose y + z = 0, 0 = h - y - 318 + 112. What are the prime factors of h?
3, 67
Let i(o) = -o**2 - 30*o - 74. Let t be i(-27). What are the prime factors of (-1)/(-2)*(-7)/(t/(-134))?
67
Let i = 601 + -336. Let w = i + -195. List the prime factors of w.
2, 5, 7
Let l = -212 + 332. Let d be (3/(-2))/((-45)/l). Suppose d*c = 6*c - 14. What are the prime factors of c?
7
What are the prime factors of 12090/4 + 1/2?
3023
Let a = -15 + 18. Suppose 0 = -u + a + 4. Suppose 0 = 4*w - u*w + 294. List the prime factors of w.
2, 7
Suppose -2*y + 6 = 0, 12*m - 4*y + 708 = 15*m. Let u = m - 207. List the prime factors of u.
5
Suppose 3*n + 2 = 3*z - 7, -4*z + n = -9. Suppose -3*i + 407 = -2*i + 4*a, 2*a - 844 = -z*i. Let w = i - 216. What are the prime factors of w?
211
Suppose 5*j - 3*o = 23073, 4*o = -2*j - 1257 + 10455. What are the prime factors of j?
3, 29, 53
Suppose c - 46 = 4*u, 2*c - 2*u - 71 = 9. Let d = c - 66. Let b = d - -30. What are the prime factors of b?
2
Let x(t) = -7*t - 45. Let g be x(-7). Suppose 2*l - 3*c - 13 = 0, -c + 48 = 3*l + g*c. Suppose -314 = 9*a - l*a. List the prime factors of a.
157
List the prime factors of ((-8)/50*5/(-2))/(71/938620).
2, 661
What are the prime factors of (-3 + 2)/((-39)/(-65) + 132028/(-220030))?
22003
Suppose b + 3 = t, -t = -2*t - 5*b + 15. Suppose -n - 5*i + 559 = 0, -t*n - 4*i = -3*i - 2819. List the prime factors of n.
2, 3, 47
Let a(b) = 22*b - 240. Let s be a(11). Suppose f = -s*y + 1012, 3*f + 23*y - 3052 = 21*y. List the prime factors of f.
2, 3, 5, 17
Suppose -26*j + 48*j - 2222 = 0. Suppose -3*q - 354 = -k, -4*q - j = -k + 254. List the prime factors of k.
3, 13
Suppose -16*u + 34*u + 641784 = 42*u. List the prime factors of u.
11, 13, 17
Let b(l) = -10*l - 47. Let j be b(-5). Let t(g) = 95*g**2 + 11*g - 28. What are the prime factors of t(j)?
2, 5, 43
Suppose 363*r = 373*r + 2210. Suppose -4*h = -k - 9*h - 100, -3*h - 108 = k. Let i = k - r. What are the prime factors of i?
101
Let q be 22 - 21 - (0 - 22811). List the prime factors of (-6)/15 + (q/(-30))/(-1).
2, 5, 19
List the prime factors of (-44 - 0)/((-136694)/(-4715) + -29).
2, 5, 11, 23
Suppose w = -6*w + 14. Suppose -7 = -4*x + 3*v, -2 = -4*x - 4*v + 26. Suppose -w*f = x*m - 36, 72 = -7*f + 11*f - 5*m. What are the prime factors of f?
2, 3
Suppose 5*a - 15 = -5. Let w(u) = 2*u + 0*u - 1 + 3*u**a - 7. What are the prime factors of w(4)?
2, 3
Let h(t) = -134*t**3 - 14*t**2 - 26*t - 82. What are the prime factors of h(-8)?
2, 107, 317
Suppose 0 = 4*m + d + 507, -5*d - 18 = -3. Let c = m - -188. Suppose 4*v = 2*n + c - 248, 5*n - 417 = -2*v. What are the prime factors of n?
5, 17
Suppose -8*y = -32 - 0. Let j be (5/(-20) - (-2997)/y)/(-1). What are the prime factors of j*(-2)/8 - (-42)/56?
2, 47
Let a = 29894 - -1145. List the prime factors of a.
31039
Let s(n) = 373*n - 2. Let o be s(2). Let j be o/36*(-6)/4. Let i = 19 - j. List the prime factors of i.
2, 5
Suppose 5*y - 230 = -4*f, 3*y + 38 = 4*f + 208. Suppose -42*l = -y*l + 2168. What are the prime factors of l?
271
Suppose 5*w + 3*h = 17, -5*h = 5*w - 12 - 3. Suppose 19 = 3*m + 4*y, w = m + 3*y + 1. Let o = 11 - m. List the prime factors of o.
2
Suppose -3*d + 3079 = 3190. Let a(h) = -68*h - 1. Let f be a(1). Let s = d - f. What are the prime factors of s?
2
Let n(h) be the first derivative of h**5/4 + h**3/2 - h**2/2 + 13*h - 9. Let z(a) be the first derivative of n(a). What are the prime factors of z(3)?
11, 13
Let g = 23766 - 13234. What are the prime factors of g?
2, 2633
Let g(u) = u**3 + 63*u**2 - 56*u - 1201. What are the prime factors of g(-57)?
5, 4297
Let k(j) = -22*j - 17. Let x = 51 - 59. What are the prime factors of k(x)?
3, 53
Let l = -237 + 134. Let y = l - -157. What are the prime factors of y?
2, 3
Let b(p) = -34*p - 175. Let h be b(-20). Suppose x - 2*x + h = 3*o, 0 = -4*o + 12. What are the prime factors of x?
2, 31
Let m = -61 - -66. Suppose -d - 254 = -m*f, -2 = -2*d - 0. Suppose 0 = 11*g - 14*g + f. What are the prime factors of g?
17
Let z(k) = 80*k**2 - 24*k - 45. Suppose 40*x - 52 = -132. What are the prime factors of z(x)?
17, 19
Let y(i) = -57*i**3 - 23*i**2 - 135*i + 66. What are the prime factors of y(-10)?
2, 14029
Suppose r + 3*f - 2 = 12, -2*r + 3*f = -1. Let n(x) = -x**3 + 6*x**2 + 7*x - 16. Let y be n(r). List the prime factors of -2 + (3/2)/(11/y).
2
Let n(y) = -119*y + 53. Suppose 0 = 5*t - 9 + 24. What are the prime factors of n(t)?
2, 5, 41
Let f = 24352 - -957. List the prime factors of f.
25309
What are the prime factors of (140/(-3))/((-83)/111054)?
2, 5, 7, 223
Let u(o) = -272*o**3 - 2*o**2 + 2 + 271*o**3 + 3*o**2. Let x be u(0). Suppose 4*w - 33 - 347 = -d, -x*d - 8 = 0. What are the prime factors of w?
2, 3
What are the prime factors of 5/15 - ((-263488)/3)/8?
10979
Let n(a) = -a**2 + 3*a + 21. Let w be n(6). Let d be 42/w + -5 + 3. What are the prime factors of (63/(-2))/(0 + (-6)/d)?
3, 7
List the prime factors of (-2)/(-1 - -5) - 0 - (-170850)/12.
23, 619
Let p(n) = 96*n + 2290. What are the prime factors of p(64)?
2, 4217
What are the prime factors of (43450 - (-27 - -55)) + (2 - 11)?
3, 29, 499
Let n(r) = r**3 + 12*r**2 + 9*r + 13. Let t(a) = -2*a**2 + 7*a - 17. Let p be t(7). Let j = p - -56. List the prime factors of n(j).
3, 41
Suppose 3*g = -5*w + 80, -w + g - 90 = -6*w. Suppose 17*m + 28 = w*m. List the prime factors of m.
2, 7
Let x(u) = u + 7. Let t be x(-5). Suppose 5*b + 156 = -3*a, t*b - b - 3*a + 24 = 0. Let m = b + 71. Lis